{"id":279,"date":"2026-05-07T12:29:03","date_gmt":"2026-05-07T12:29:03","guid":{"rendered":"https:\/\/julien-lamien.fr\/?page_id=279"},"modified":"2026-05-07T12:29:04","modified_gmt":"2026-05-07T12:29:04","slug":"projets","status":"publish","type":"page","link":"https:\/\/julien-lamien.fr\/?page_id=279","title":{"rendered":"Projets"},"content":{"rendered":"\n<p>Voici mes r\u00e9alisations ayant \u00e9t\u00e9 faites durant mes 2ann\u00e9es de BTS SIO:<\/p>\n","protected":false},"excerpt":{"rendered":"<p>Voici mes r\u00e9alisations ayant \u00e9t\u00e9 faites durant mes 2ann\u00e9es de BTS SIO:<\/p>\n","protected":false},"author":1,"featured_media":0,"parent":0,"menu_order":0,"comment_status":"closed","ping_status":"closed","template":"","meta":{"saved_in_kubio":false,"footnotes":""},"class_list":["post-279","page","type-page","status-publish","hentry"],"kubio_ai_page_context":{"short_desc":"","purpose":"general"},"_links":{"self":[{"href":"https:\/\/julien-lamien.fr\/index.php?rest_route=\/wp\/v2\/pages\/279","targetHints":{"allow":["GET"]}}],"collection":[{"href":"https:\/\/julien-lamien.fr\/index.php?rest_route=\/wp\/v2\/pages"}],"about":[{"href":"https:\/\/julien-lamien.fr\/index.php?rest_route=\/wp\/v2\/types\/page"}],"author":[{"embeddable":true,"href":"https:\/\/julien-lamien.fr\/index.php?rest_route=\/wp\/v2\/users\/1"}],"replies":[{"embeddable":true,"href":"https:\/\/julien-lamien.fr\/index.php?rest_route=%2Fwp%2Fv2%2Fcomments&post=279"}],"version-history":[{"count":1,"href":"https:\/\/julien-lamien.fr\/index.php?rest_route=\/wp\/v2\/pages\/279\/revisions"}],"predecessor-version":[{"id":280,"href":"https:\/\/julien-lamien.fr\/index.php?rest_route=\/wp\/v2\/pages\/279\/revisions\/280"}],"wp:attachment":[{"href":"https:\/\/julien-lamien.fr\/index.php?rest_route=%2Fwp%2Fv2%2Fmedia&parent=279"}],"curies":[{"name":"wp","href":"https:\/\/api.w.org\/{rel}","templated":true}]}}